late the highest common divisor of n and 2340.
52
Suppose o = a + 17, 3*o = 5*o - 3*a - 30. Let b(j) = 2*j**3 - 43*j**2 + 23*j + 28. Let g be b(o). Calculate the highest common factor of 280 and g.
70
Suppose 0 = -38*z + 35*z - 36. Let m be (-9 - 6)/(4/z). Calculate the greatest common divisor of m and 45.
45
Let j(f) = -f**3 + 373*f - 8. Let u be j(-24). Calculate the highest common factor of u and 76.
76
Let l = 36 + 51. Let o = l - 83. Let n(p) = 2*p + 20. Let b be n(0). Calculate the greatest common factor of o and b.
4
Suppose -2*y - 2*a + 456 = 0, -5*a + 447 = -6*y + 8*y. Let p = y - 41. What is the highest common divisor of p and 10?
10
Let u = -84 + 169. Let r = -832 - -900. What is the greatest common factor of u and r?
17
Suppose 14*p - 47*p = -132. Suppose c - 8 = -c. Let d be (c/10)/((-12)/(-120)). What is the greatest common divisor of d and p?
4
Suppose 2*d + 350 = 3*v, 3*v - 474*d - 310 = -476*d. Suppose -4*a = 4 - 44. Calculate the highest common factor of a and v.
10
Suppose -5*x + 58 = -12. Let n = 4709 + -4303. What is the highest common factor of n and x?
14
Suppose -37*h - 920 - 1078 = 0. Let f = 238 + h. What is the highest common divisor of 23 and f?
23
Suppose -5*t - 3961 + 6751 = 5*t. What is the greatest common divisor of t and 6?
3
Let q = -168 + 118. Let x(z) = -5*z**2 - 2. Let y be x(3). Let a = y - q. What is the greatest common divisor of 15 and a?
3
Let y be (91/(-78))/((-4)/120). Let m be (1 + 2)*299/39. Suppose z = -3*k + m, -5*k - 6*z = -3*z - 41. What is the highest common factor of y and k?
7
Let h(u) be the first derivative of -u**2/2 + 90*u + 65. Let a be h(29). What is the greatest common factor of a and 244?
61
Let w = 15 + 0. Suppose w = -3*n + 63. Suppose 0 = o + 4*r - 44, 3*o - 103 = 2*r + 43. Calculate the highest common divisor of n and o.
16
Let m(j) = -2*j**3 - j**2. Let h be m(-2). Let b = h + -11. Let y be ((-37)/1 + b)*(-4)/12. Calculate the highest common divisor of 204 and y.
12
Let u be ((-10200)/(-350))/51*973/2. Calculate the greatest common factor of 14317 and u.
139
Suppose 15951 = 40*i - 8049. What is the greatest common factor of 7400 and i?
200
Let g(o) = 147*o + 3107. Let t be g(-21). What is the highest common factor of t and 364?
4
Let b(n) = n + 30. Suppose 0 = 12*r - 5*r. Suppose -2*f + 0*f = r. Let k be b(f). Calculate the highest common divisor of k and 150.
30
Let x(a) = 58*a**2 - 125*a - 375. Let n be x(-3). What is the highest common divisor of n and 18966?
174
Let f(p) = -p**3 + 44*p**2 - 264*p - 201. Let u be f(36). Calculate the greatest common factor of u and 468.
39
Let f(y) = -6*y - 7. Let t be f(-2). Suppose -t*h = -h - 80. Let p(j) = j**2 + 19*j + 4. Let l be p(-19). Calculate the highest common factor of h and l.
4
Let m = -758 - -2105. Let z = -801 + m. Calculate the highest common divisor of z and 42.
42
Suppose -143*l + 134*l = -36. Suppose -2*b - 5 = 5*h + 1, l*h + 12 = 2*b. What is the highest common divisor of b and 92?
2
Let q = 639 - -1713. Calculate the highest common factor of 72 and q.
24
Suppose -79*i = 4*c - 83*i - 188, -32 = -4*i. What is the greatest common divisor of c and 10615?
55
Let j(t) = -t**2 + 197*t + 37. Let c be j(0). What is the highest common divisor of 50357 and c?
37
Let y(t) = 1846*t - 10966. Let v be y(19). What is the highest common divisor of 328 and v?
164
Let r(h) = -h**2 + 16*h - 19. Let j be r(10). Suppose -j = -5*i + 29. Calculate the highest common factor of 49 and i.
7
Let y(v) = -156*v - 780. Let r be y(-22). What is the highest common factor of 468 and r?
156
Let j be 413/2 - 1/((-8)/12). Suppose 4*v - j = -4*m, -3*v + 3*m + 102 = -66. What is the greatest common factor of 135 and v?
27
Let w = 572 - 350. Let i = w + -162. Calculate the greatest common factor of 80 and i.
20
Let j(v) = -v**2 + 271*v - 4194. Let l be j(18). Suppose -5*p = 3*g - 242 + 74, 2*g = -8. Calculate the highest common factor of l and p.
36
Let g be -1 - (-5 + 1 - -7). Let z be g/18 - 328/(-18). What is the greatest common factor of 27 and z?
9
Let b be -2 - (5338/51)/((-10)/6 - -1). Calculate the greatest common divisor of b and 7440.
155
Suppose 50*i - 54*i - 12 = 0, 5*k = -3*i + 3751. What is the greatest common divisor of k and 784?
16
Let o be (81/6)/((-9)/(-12)). Suppose -y + 5*h - o = -5*y, 0 = -y - 5*h + 12. Let c be -10*(9/(-3))/3. Calculate the greatest common factor of c and y.
2
Suppose -11*h = -312 + 279. Suppose i = h*f, -4*f - 28 = -i - 8*f. What is the greatest common divisor of i and 54?
6
Suppose 296 = 34*w - 30*w + 4*y, -w - 2*y = -78. What is the highest common factor of 2000 and w?
10
Suppose 25*v - 7*v - 8550 = 0. Let u = -377 - -427. Calculate the highest common divisor of v and u.
25
Let r(u) = 28*u**2 + 16. Let c be r(4). Let w = c - 416. Calculate the highest common factor of w and 272.
16
Suppose 69*r = 84*r - 90. Suppose -11*x = -3*q - r*x + 84, 0 = -4*q + x + 112. Calculate the greatest common factor of 7 and q.
7
Let g(x) = x**3 + 11*x**2 + 10*x + 16. Let h be 50/(-5) + 5*(-1)/(-5). Let t be g(h). Calculate the highest common factor of t and 99.
11
Let z be ((-9)/(-15))/(-2 + (-399)/(-190)) + 5. Suppose -56 = -3*v - 773. Let x = v - -360. Calculate the greatest common divisor of z and x.
11
Let n be 2320/(-20)*(1 - 0). Let p = -90 - n. Suppose -3*o + 5*k = -306 - 59, 0 = -3*o - 2*k + 400. What is the highest common divisor of p and o?
26
Suppose -4*u - 3 = -5*s, s + u = -4*s - 7. Let d be -3*((-55)/(-3) - s). Let q = 62 + d. Calculate the highest common factor of 10 and q.
2
Suppose -2*x = 3*f - 113, -93 = 4*x + 3*f - 304. Let b be 4/(-4)*((-272)/8 - 15). What is the greatest common divisor of x and b?
49
Let a be (13 + -17)/(2/(-10)). Suppose 0 = -5*o - 5*t + 3*t + 710, 535 = 4*o - 5*t. What is the highest common factor of o and a?
20
Suppose 2*o = -5*z + 31, 5*o - 5*z = -0*o - 10. Suppose 0 = -o*k - 8*r + 5*r + 33, -4*k - 2*r = -34. Calculate the highest common factor of 138 and k.
6
Suppose -3*u - 2*c + 251 + 147 = 0, 20 = 5*c. Calculate the greatest common divisor of 78 and u.
26
Suppose 108*y + 29*y = 32672 + 46788. Calculate the greatest common factor of 2784 and y.
116
Suppose 4*q - 4498 = -5*k, 11*q - 3*k + 4494 = 15*q. Calculate the greatest common divisor of 102 and q.
102
Let q be (-126)/4 - -1 - 2/(-4). Let v be ((-4)/10)/(12/q)*5. Suppose 3*a = -v*n + 95 + 42, 5*a = -4*n + 224. What is the highest common divisor of a and 88?
44
Suppose 3*t = 43 - 28, -3*l + 193 = -t. Let j = -7 - -7. Suppose j*f - 5*f = -825. Calculate the greatest common factor of l and f.
33
Suppose 12 = 3*f - 0*f. Let h be -14*12/168*f*-1. Suppose -3*z + 3*u + 6 = -84, 0 = -h*z + 2*u + 114. What is the greatest common factor of 54 and z?
27
Suppose 194*j = -29*j + 1063 + 452 + 938. Let t be 11/((4/(-62))/(-2)). Calculate the highest common factor of t and j.
11
Let f = -18140 + 30383. Calculate the greatest common factor of f and 462.
231
Let s(h) = 713*h - 347. Let u be s(1). Calculate the highest common factor of u and 42.
6
Let b = 161 + -177. Let o be b/(-5) + 40/(-200). Calculate the greatest common divisor of o and 27.
3
Suppose 26*t = 13*t + 1365. Let c = -102 + t. Suppose -2*f - c*f + 5 = 0, -2*z = 5*f - 299. What is the greatest common factor of 21 and z?
21
Suppose 2*l - 4*t - 38 = -0*l, 2*t = -6. Suppose -p + 1120 = l*p. What is the greatest common factor of 32 and p?
16
Let t be 1371*10/(-15) + 4. Let i be ((-6)/5)/(((-507)/t)/(-13)). Calculate the highest common factor of i and 42.
14
Suppose 0 = -5*a - 2*g + 7790, 0 = 4*a + 5*g + 2861 - 9093. What is the greatest common divisor of 410 and a?
82
Let w = 1927 - 1667. What is the greatest common factor of 182 and w?
26
Let t = 107 + -104. Suppose -7 = 5*g + t*f - 280, 2*f = -3*g + 164. Let a = 159 - g. What is the highest common factor of a and 15?
15
Let h = -84 - 59. Let g = -101 - h. Let s be 1/((-20)/24 + 1). What is the greatest common factor of s and g?
6
Suppose s - 2 = -0*s. Suppose -5*d - 518 = s*d. Let k = -2 - d. What is the greatest common divisor of k and 9?
9
Let b be -2 + -3 + (-8 - -4). Let i be -6*3/b + 23. Calculate the highest common factor of 150 and i.
25
Let i(j) = -4*j**3 + 2*j**2 - 2*j - 1. Let l be i(-2). Suppose -2*y + 32 = 2*v - 14, 0 = v - 3*y -